{"id":1672,"date":"2021-07-05T12:10:26","date_gmt":"2021-07-05T12:10:26","guid":{"rendered":"http:\/\/sw-themes.com\/porto_dummy\/?page_id=1672"},"modified":"2025-08-15T20:22:09","modified_gmt":"2025-08-15T20:22:09","slug":"sobrenos","status":"publish","type":"page","link":"https:\/\/partidogaleguista.org\/index.php\/sobrenos\/","title":{"rendered":"Sobre N\u00f3s"},"content":{"rendered":"\t\t<div data-elementor-type=\"wp-page\" data-elementor-id=\"1672\" class=\"elementor elementor-1672\">\n\t\t\t\t<div class=\"elementor-element elementor-element-cc20946 e-flex e-con-boxed e-con e-parent\" data-id=\"cc20946\" data-element_type=\"container\" data-e-type=\"container\">\n\t\t\t\t\t<div class=\"e-con-inner\">\n\t\t\t\t<div class=\"elementor-element elementor-element-cfd714b elementor-widget elementor-widget-image\" data-id=\"cfd714b\" data-element_type=\"widget\" data-e-type=\"widget\" data-widget_type=\"image.default\">\n\t\t\t\t\t\t\t\t\t\t\t\t\t\t\t<img fetchpriority=\"high\" decoding=\"async\" width=\"770\" height=\"512\" src=\"https:\/\/partidogaleguista.org\/wp-content\/uploads\/2025\/07\/n770_2024_02_28_lhk_p_galegista_13.jpg\" class=\"attachment-large size-large wp-image-4689\" alt=\"\" srcset=\"https:\/\/partidogaleguista.org\/wp-content\/uploads\/2025\/07\/n770_2024_02_28_lhk_p_galegista_13.jpg 770w, https:\/\/partidogaleguista.org\/wp-content\/uploads\/2025\/07\/n770_2024_02_28_lhk_p_galegista_13-300x199.jpg 300w, https:\/\/partidogaleguista.org\/wp-content\/uploads\/2025\/07\/n770_2024_02_28_lhk_p_galegista_13-768x511.jpg 768w, https:\/\/partidogaleguista.org\/wp-content\/uploads\/2025\/07\/n770_2024_02_28_lhk_p_galegista_13-640x426.jpg 640w, https:\/\/partidogaleguista.org\/wp-content\/uploads\/2025\/07\/n770_2024_02_28_lhk_p_galegista_13-400x266.jpg 400w, https:\/\/partidogaleguista.org\/wp-content\/uploads\/2025\/07\/n770_2024_02_28_lhk_p_galegista_13-367x244.jpg 367w\" sizes=\"(max-width: 770px) 100vw, 770px\" \/>\t\t\t\t\t\t\t\t\t\t\t\t\t\t\t<\/div>\n\t\t\t\t\t<\/div>\n\t\t\t\t<\/div>\n\t\t<div class=\"elementor-element elementor-element-05c80bd e-flex e-con-boxed e-con e-parent\" data-id=\"05c80bd\" data-element_type=\"container\" data-e-type=\"container\">\n\t\t\t\t\t<div class=\"e-con-inner\">\n\t\t\t\t<div class=\"elementor-element elementor-element-2092a13 elementor-widget elementor-widget-spacer\" data-id=\"2092a13\" data-element_type=\"widget\" data-e-type=\"widget\" data-widget_type=\"spacer.default\">\n\t\t\t\t\t\t\t<div class=\"elementor-spacer\">\n\t\t\t<div class=\"elementor-spacer-inner\"><\/div>\n\t\t<\/div>\n\t\t\t\t\t\t<\/div>\n\t\t\t\t\t<\/div>\n\t\t\t\t<\/div>\n\t\t<div class=\"elementor-element elementor-element-700454c e-flex e-con-boxed e-con e-parent\" data-id=\"700454c\" data-element_type=\"container\" data-e-type=\"container\">\n\t\t\t\t\t<div class=\"e-con-inner\">\n\t\t\t\t<div class=\"elementor-element elementor-element-13616e9 elementor-widget elementor-widget-n-accordion\" data-id=\"13616e9\" data-element_type=\"widget\" data-e-type=\"widget\" data-settings=\"{&quot;default_state&quot;:&quot;expanded&quot;,&quot;max_items_expended&quot;:&quot;one&quot;,&quot;n_accordion_animation_duration&quot;:{&quot;unit&quot;:&quot;ms&quot;,&quot;size&quot;:400,&quot;sizes&quot;:[]}}\" data-widget_type=\"nested-accordion.default\">\n\t\t\t\t\t\t\t<div class=\"e-n-accordion\" aria-label=\"Accordion. Open links with Enter or Space, close with Escape, and navigate with Arrow Keys\">\n\t\t\t\t\t\t<details id=\"e-n-accordion-item-2030\" class=\"e-n-accordion-item\" open>\n\t\t\t\t<summary class=\"e-n-accordion-item-title\" data-accordion-index=\"1\" tabindex=\"0\" aria-expanded=\"true\" aria-controls=\"e-n-accordion-item-2030\" >\n\t\t\t\t\t<span class='e-n-accordion-item-title-header'><div class=\"e-n-accordion-item-title-text\"> A nosa historia <\/div><\/span>\n\t\t\t\t\t\t\t<span class='e-n-accordion-item-title-icon'>\n\t\t\t<span class='e-opened' ><svg aria-hidden=\"true\" class=\"e-font-icon-svg e-fas-minus\" viewBox=\"0 0 448 512\" xmlns=\"http:\/\/www.w3.org\/2000\/svg\"><path d=\"M416 208H32c-17.67 0-32 14.33-32 32v32c0 17.67 14.33 32 32 32h384c17.67 0 32-14.33 32-32v-32c0-17.67-14.33-32-32-32z\"><\/path><\/svg><\/span>\n\t\t\t<span class='e-closed'><svg aria-hidden=\"true\" class=\"e-font-icon-svg e-fas-plus\" viewBox=\"0 0 448 512\" xmlns=\"http:\/\/www.w3.org\/2000\/svg\"><path d=\"M416 208H272V64c0-17.67-14.33-32-32-32h-32c-17.67 0-32 14.33-32 32v144H32c-17.67 0-32 14.33-32 32v32c0 17.67 14.33 32 32 32h144v144c0 17.67 14.33 32 32 32h32c17.67 0 32-14.33 32-32V304h144c17.67 0 32-14.33 32-32v-32c0-17.67-14.33-32-32-32z\"><\/path><\/svg><\/span>\n\t\t<\/span>\n\n\t\t\t\t\t\t<\/summary>\n\t\t\t\t<div role=\"region\" aria-labelledby=\"e-n-accordion-item-2030\" class=\"elementor-element elementor-element-d794bf6 e-flex e-con-boxed e-con e-child\" data-id=\"d794bf6\" data-element_type=\"container\" data-e-type=\"container\">\n\t\t\t\t\t<div class=\"e-con-inner\">\n\t\t\t\t<div class=\"elementor-element elementor-element-bb7a176 elementor-widget elementor-widget-text-editor\" data-id=\"bb7a176\" data-element_type=\"widget\" data-e-type=\"widget\" data-widget_type=\"text-editor.default\">\n\t\t\t\t\t\t\t\t\t<p>O Partido Galeguista \u00e9 a consecuencia de xuntar a suma de vontades daquelas xeraci\u00f3ns que conforman primeiramente as Irmandades da Fala no ano 1916, para precisamente dar paso \u00e1 fundaci\u00f3n do Partido Galeguista. Aconteceu o mesmo coa centenaria Xeraci\u00f3n N\u00f3s e cos persoeiros que a conformaban, Vicente Risco, Ram\u00f3n Otero Pedrayo, Florentino L\u00f3pez Cuevillas e Ant\u00f3n Losada Dieguez, coa colaboraci\u00f3n de Castelao e Ram\u00f3n Cabanillas. Todos eles formar\u00edan parte do PG, salvo\u00a0 Ant\u00f3n Losada Di\u00e9guez que falecera en outubro do 1929. \u00c9 pois, m\u00e1is que evidente que non se pode falar da Galicia pol\u00edtica como pobo, pa\u00eds ou naci\u00f3n, sen falar do Partido Galeguista; e debe ser igual de evidente que ao falar da Nosa Terra e do PG, temos obrigatoriamente o sagrado deber de lembrarnos daquelas mulleres e homes que loitaron por unha Galicia mellor, dando incluso moitos deles as s\u00faas vidas, entre outros moitos Alexandro B\u00f3veda, Anxel Casal, Camilo D\u00edaz Bali\u00f1o, Johan Carballeira ou Francisco Garc\u00eda Moldes. Todos eles xunto con moitos m\u00e1is, conforman o exercito da Santa Compa\u00f1a dos M\u00e1rtires Galegos que os galegos e galegas non deber\u00edamos esquecer xam\u00e1is. O PG estivo conformado dende a s\u00faa formulaci\u00f3n por persoas de distintos sentimentos, pero que todos eles foron quenes de antepo\u00f1er os intereses de Galicia, por riba dos sentimentos ou sensibilidades ideol\u00f3xicos de cada quen.<\/p>\t\t\t\t\t\t\t\t<\/div>\n\t\t\t\t\t<\/div>\n\t\t\t\t<\/div>\n\t\t\t\t\t<\/details>\n\t\t\t\t\t\t<details id=\"e-n-accordion-item-2031\" class=\"e-n-accordion-item\" >\n\t\t\t\t<summary class=\"e-n-accordion-item-title\" data-accordion-index=\"2\" tabindex=\"-1\" aria-expanded=\"false\" aria-controls=\"e-n-accordion-item-2031\" >\n\t\t\t\t\t<span class='e-n-accordion-item-title-header'><div class=\"e-n-accordion-item-title-text\"> O noso futuro <\/div><\/span>\n\t\t\t\t\t\t\t<span class='e-n-accordion-item-title-icon'>\n\t\t\t<span class='e-opened' ><svg aria-hidden=\"true\" class=\"e-font-icon-svg e-fas-minus\" viewBox=\"0 0 448 512\" xmlns=\"http:\/\/www.w3.org\/2000\/svg\"><path d=\"M416 208H32c-17.67 0-32 14.33-32 32v32c0 17.67 14.33 32 32 32h384c17.67 0 32-14.33 32-32v-32c0-17.67-14.33-32-32-32z\"><\/path><\/svg><\/span>\n\t\t\t<span class='e-closed'><svg aria-hidden=\"true\" class=\"e-font-icon-svg e-fas-plus\" viewBox=\"0 0 448 512\" xmlns=\"http:\/\/www.w3.org\/2000\/svg\"><path d=\"M416 208H272V64c0-17.67-14.33-32-32-32h-32c-17.67 0-32 14.33-32 32v144H32c-17.67 0-32 14.33-32 32v32c0 17.67 14.33 32 32 32h144v144c0 17.67 14.33 32 32 32h32c17.67 0 32-14.33 32-32V304h144c17.67 0 32-14.33 32-32v-32c0-17.67-14.33-32-32-32z\"><\/path><\/svg><\/span>\n\t\t<\/span>\n\n\t\t\t\t\t\t<\/summary>\n\t\t\t\t<div role=\"region\" aria-labelledby=\"e-n-accordion-item-2031\" class=\"elementor-element elementor-element-c05f820 e-flex e-con-boxed e-con e-child\" data-id=\"c05f820\" data-element_type=\"container\" data-e-type=\"container\">\n\t\t\t\t\t<div class=\"e-con-inner\">\n\t\t\t\t<div class=\"elementor-element elementor-element-2447da1 elementor-widget elementor-widget-text-editor\" data-id=\"2447da1\" data-element_type=\"widget\" data-e-type=\"widget\" data-widget_type=\"text-editor.default\">\n\t\t\t\t\t\t\t\t\t<p>O Partido Galeguista \u00e9 unha organizaci\u00f3n pol\u00edtica de mulleres e homes que te\u00f1en por obxectivo erguer a Galicia at\u00e9 situala cos pobos europeos m\u00e1is desenvolvidos. Declaramos a nosa vontade de participar e colaborar nas actividades pol\u00edticas galegas do Estado e de Europa, para axudarnos \u00e1 mellor gobernaci\u00f3n posibel de Galicia, de Espa\u00f1a e da Comunidade Europea, no marco do Estatuto da Nacionalidade Hist\u00f3rica de Galicia e dos marcos Constitucionais que, tanto no presente coma no futuro, conten co respaldo democr\u00e1tico dos cidad\u00e1ns e dos poderes galegos como normas b\u00e1sicas que garanten o noso dereito a decidir o noso futuro, esta \u00e9 unha xustificaci\u00f3n senlleira da raz\u00f3n de ser do PG. Temos como plena certeza que unha boa parte da sociedade galega demanda, hoxe m\u00e1is ca onte, unha forza pol\u00edtica que sexa qu\u00e9n de xunguir distintos sentimentos en favor do desenrolo da vida das nosas xentes. Unha forza pol\u00edtica que entenda e faga seu aquelo de que o &#8220;sentido com\u00fan e o menos com\u00fan dos sentidos&#8221;, pero que a pesar delo aposte &#8220;polo sentido com\u00fan&#8221;.<\/p>\t\t\t\t\t\t\t\t<\/div>\n\t\t\t\t\t<\/div>\n\t\t\t\t<\/div>\n\t\t\t\t\t<\/details>\n\t\t\t\t\t\t<details id=\"e-n-accordion-item-2032\" class=\"e-n-accordion-item\" >\n\t\t\t\t<summary class=\"e-n-accordion-item-title\" data-accordion-index=\"3\" tabindex=\"-1\" aria-expanded=\"false\" aria-controls=\"e-n-accordion-item-2032\" >\n\t\t\t\t\t<span class='e-n-accordion-item-title-header'><div class=\"e-n-accordion-item-title-text\"> A nosa proposta <\/div><\/span>\n\t\t\t\t\t\t\t<span class='e-n-accordion-item-title-icon'>\n\t\t\t<span class='e-opened' ><svg aria-hidden=\"true\" class=\"e-font-icon-svg e-fas-minus\" viewBox=\"0 0 448 512\" xmlns=\"http:\/\/www.w3.org\/2000\/svg\"><path d=\"M416 208H32c-17.67 0-32 14.33-32 32v32c0 17.67 14.33 32 32 32h384c17.67 0 32-14.33 32-32v-32c0-17.67-14.33-32-32-32z\"><\/path><\/svg><\/span>\n\t\t\t<span class='e-closed'><svg aria-hidden=\"true\" class=\"e-font-icon-svg e-fas-plus\" viewBox=\"0 0 448 512\" xmlns=\"http:\/\/www.w3.org\/2000\/svg\"><path d=\"M416 208H272V64c0-17.67-14.33-32-32-32h-32c-17.67 0-32 14.33-32 32v144H32c-17.67 0-32 14.33-32 32v32c0 17.67 14.33 32 32 32h144v144c0 17.67 14.33 32 32 32h32c17.67 0 32-14.33 32-32V304h144c17.67 0 32-14.33 32-32v-32c0-17.67-14.33-32-32-32z\"><\/path><\/svg><\/span>\n\t\t<\/span>\n\n\t\t\t\t\t\t<\/summary>\n\t\t\t\t<div role=\"region\" aria-labelledby=\"e-n-accordion-item-2032\" class=\"elementor-element elementor-element-d52b960 e-flex e-con-boxed e-con e-child\" data-id=\"d52b960\" data-element_type=\"container\" data-e-type=\"container\">\n\t\t\t\t\t<div class=\"e-con-inner\">\n\t\t\t\t<div class=\"elementor-element elementor-element-4fae73e elementor-widget elementor-widget-text-editor\" data-id=\"4fae73e\" data-element_type=\"widget\" data-e-type=\"widget\" data-widget_type=\"text-editor.default\">\n\t\t\t\t\t\t\t\t\t<p>O PG sit\u00faase na centralidade pol\u00edtica, porque s\u00f3 dende esa aut\u00e9ntica posici\u00f3n se pode traballar nun programa moderado no eido econ\u00f3mico e progresista no eido social, dous v\u00e9rtices dunha mesma pol\u00edtica que ben se pode identificar nunha expresi\u00f3n, somos unha forza progresista ao tempo que moderada e centrada. Por qu\u00e9 non temos os galegos un sistema pol\u00edtico maduro e normalizado con varias opci\u00f3ns propias, como ocorre en Catalunya, Euskadi ou mesmo en Canarias? A resposta est\u00e1 no Partido Galeguista, que temos a responsabilidade de ser a organizaci\u00f3n que aglutine tendencias, sentimentos e esforzos que permitan configurar xa o cuarto grande partido en Galicia. O cuarto partido de hoxe que ter\u00e1 aspiraci\u00f3ns evidentes para chegar nun futuro pr\u00f3ximo a ser a forza principal de Galicia (que debeu de haber sido, como o PNV em Euskadi).<br \/>\u00c9 absolutamente necesario que o PG asuma a responsabilidade de liderar o proceso para a constituci\u00f3n dunha nova alternativa que sume a todos os que estamos nesta comuni\u00f3n de ideas e proxectos, sobre a base de contruirmos xuntos unha cada universal da galeguidade para por de relevo a personalidade de Galicia como pobo distinto, a s\u00faa conciencia colectiva e poder conseguir as\u00ed cotas importantes de progreso e benestar para os nosos cidad\u00e1ns.<\/p>\t\t\t\t\t\t\t\t<\/div>\n\t\t\t\t\t<\/div>\n\t\t\t\t<\/div>\n\t\t\t\t\t<\/details>\n\t\t\t\t\t\t<details id=\"e-n-accordion-item-2033\" class=\"e-n-accordion-item\" >\n\t\t\t\t<summary class=\"e-n-accordion-item-title\" data-accordion-index=\"4\" tabindex=\"-1\" aria-expanded=\"false\" aria-controls=\"e-n-accordion-item-2033\" >\n\t\t\t\t\t<span class='e-n-accordion-item-title-header'><div class=\"e-n-accordion-item-title-text\"> O noso equipo <\/div><\/span>\n\t\t\t\t\t\t\t<span class='e-n-accordion-item-title-icon'>\n\t\t\t<span class='e-opened' ><svg aria-hidden=\"true\" class=\"e-font-icon-svg e-fas-minus\" viewBox=\"0 0 448 512\" xmlns=\"http:\/\/www.w3.org\/2000\/svg\"><path d=\"M416 208H32c-17.67 0-32 14.33-32 32v32c0 17.67 14.33 32 32 32h384c17.67 0 32-14.33 32-32v-32c0-17.67-14.33-32-32-32z\"><\/path><\/svg><\/span>\n\t\t\t<span class='e-closed'><svg aria-hidden=\"true\" class=\"e-font-icon-svg e-fas-plus\" viewBox=\"0 0 448 512\" xmlns=\"http:\/\/www.w3.org\/2000\/svg\"><path d=\"M416 208H272V64c0-17.67-14.33-32-32-32h-32c-17.67 0-32 14.33-32 32v144H32c-17.67 0-32 14.33-32 32v32c0 17.67 14.33 32 32 32h144v144c0 17.67 14.33 32 32 32h32c17.67 0 32-14.33 32-32V304h144c17.67 0 32-14.33 32-32v-32c0-17.67-14.33-32-32-32z\"><\/path><\/svg><\/span>\n\t\t<\/span>\n\n\t\t\t\t\t\t<\/summary>\n\t\t\t\t<div role=\"region\" aria-labelledby=\"e-n-accordion-item-2033\" class=\"elementor-element elementor-element-56adae8 e-flex e-con-boxed e-con e-child\" data-id=\"56adae8\" data-element_type=\"container\" data-e-type=\"container\">\n\t\t\t\t\t<div class=\"e-con-inner\">\n\t\t\t\t<div class=\"elementor-element elementor-element-12116fa elementor-widget elementor-widget-text-editor\" data-id=\"12116fa\" data-element_type=\"widget\" data-e-type=\"widget\" data-widget_type=\"text-editor.default\">\n\t\t\t\t\t\t\t\t\t<p>En pleno desenvolvemento&#8230;<\/p>\t\t\t\t\t\t\t\t<\/div>\n\t\t\t\t\t<\/div>\n\t\t\t\t<\/div>\n\t\t\t\t\t<\/details>\n\t\t\t\t\t<\/div>\n\t\t\t\t\t\t<\/div>\n\t\t\t\t\t<\/div>\n\t\t\t\t<\/div>\n\t\t<div class=\"elementor-element elementor-element-471d007 e-flex e-con-boxed e-con e-parent\" data-id=\"471d007\" data-element_type=\"container\" data-e-type=\"container\">\n\t\t\t\t\t<div class=\"e-con-inner\">\n\t\t\t\t<div class=\"elementor-element elementor-element-9942552 elementor-widget elementor-widget-spacer\" data-id=\"9942552\" data-element_type=\"widget\" data-e-type=\"widget\" data-widget_type=\"spacer.default\">\n\t\t\t\t\t\t\t<div class=\"elementor-spacer\">\n\t\t\t<div class=\"elementor-spacer-inner\"><\/div>\n\t\t<\/div>\n\t\t\t\t\t\t<\/div>\n\t\t\t\t\t<\/div>\n\t\t\t\t<\/div>\n\t\t\t\t<\/div>\n\t\t","protected":false},"excerpt":{"rendered":"<p>A nosa historia O Partido Galeguista \u00e9 a consecuencia de xuntar a suma de vontades daquelas xeraci\u00f3ns que conforman primeiramente as Irmandades da Fala no ano 1916, para precisamente dar paso \u00e1 fundaci\u00f3n do Partido Galeguista. Aconteceu o mesmo coa centenaria Xeraci\u00f3n N\u00f3s e cos persoeiros que a conformaban, Vicente Risco, Ram\u00f3n Otero Pedrayo, Florentino [&hellip;]<\/p>\n","protected":false},"author":1,"featured_media":0,"parent":0,"menu_order":0,"comment_status":"closed","ping_status":"closed","template":"","meta":{"saved_in_kubio":true,"footnotes":""},"class_list":["post-1672","page","type-page","status-publish","hentry"],"kubio_ai_page_context":{"short_desc":"","purpose":"general"},"_links":{"self":[{"href":"https:\/\/partidogaleguista.org\/index.php\/wp-json\/wp\/v2\/pages\/1672","targetHints":{"allow":["GET"]}}],"collection":[{"href":"https:\/\/partidogaleguista.org\/index.php\/wp-json\/wp\/v2\/pages"}],"about":[{"href":"https:\/\/partidogaleguista.org\/index.php\/wp-json\/wp\/v2\/types\/page"}],"author":[{"embeddable":true,"href":"https:\/\/partidogaleguista.org\/index.php\/wp-json\/wp\/v2\/users\/1"}],"replies":[{"embeddable":true,"href":"https:\/\/partidogaleguista.org\/index.php\/wp-json\/wp\/v2\/comments?post=1672"}],"version-history":[{"count":5,"href":"https:\/\/partidogaleguista.org\/index.php\/wp-json\/wp\/v2\/pages\/1672\/revisions"}],"predecessor-version":[{"id":7300,"href":"https:\/\/partidogaleguista.org\/index.php\/wp-json\/wp\/v2\/pages\/1672\/revisions\/7300"}],"wp:attachment":[{"href":"https:\/\/partidogaleguista.org\/index.php\/wp-json\/wp\/v2\/media?parent=1672"}],"curies":[{"name":"wp","href":"https:\/\/api.w.org\/{rel}","templated":true}]}}